y(x) = 2*x**2 - x - x**3 + d*x + 4*x + 1. Let n = 2 + 1. What is y(n)?
1
Let f(g) be the second derivative of -g + 5/6*g**3 + 0 - 5/2*g**2 - 1/12*g**4. Let o be 2*5*1/2. Calculate f(o).
-5
Let v(b) = b**2 - 4*b - 7. Let p be 30/4*(-4)/(-5). Let d be v(p). Let g(x) = -3*x - 2. Let o(s) = -s + 1. Let j(z) = -g(z) + 5*o(z). Calculate j(d).
-3
Suppose -2*g - 2*h = -4*h + 10, 0 = -h. Let u = g + 9. Let b(d) = -4 - u*d + 1 + 3. Determine b(-1).
4
Let j(w) = 11*w - 7*w - 4*w - 6*w + 1. Determine j(-2).
13
Let b = -16 + 22. Let c(y) = -2*y + 0 + 3*y - 7. Calculate c(b).
-1
Let i(h) = -2*h + 4. Let y = -1 - -6. Give i(y).
-6
Let o(h) = h**2 - 5*h + 4. Let v(t) = t. Let x(z) = -o(z) - 4*v(z). Determine x(0).
-4
Let v(z) = -2*z + 1. Let r be v(-2). Suppose 3*k - o - 2*o = -45, -2*o + 72 = -r*k. Let m be 111/21 - (-4)/k. Let d(s) = -s**2 + 4*s + 3. Determine d(m).
-2
Let k(j) = -j - 3. Let i(b) = 5*b + 11. Let g(h) = 2*i(h) + 9*k(h). Suppose -6*u - 2*q = -3*u - 16, 3*q + 33 = 5*u. Determine g(u).
1
Let j(q) be the first derivative of -q**3/2 + 3*q**2/2 + 9*q + 8. Let n(k) be the first derivative of j(k). Give n(2).
-3
Let s = 2 - -1. Let x(o) be the first derivative of 1/3*o**s + o - 1/2*o**2 + 3. Calculate x(2).
3
Suppose 6*i + 4 = 16. Let q(x) = x**2 + x. Let s(b) = 0 - b + 3*b**2 - b - b**3 + 2. Let p(t) = -q(t) + s(t). Give p(i).
-4
Let w(v) = -v**2 + 5*v + 37. Let h be w(-4). Let j(r) = -r - 1 - 5*r + 0. Give j(h).
-7
Let z(x) = x**2 - 4*x + 2. Let o = 26 + -16. Suppose -8 = -2*i - 2. Suppose -o - 2 = -i*y. Determine z(y).
2
Let x(v) = 4*v. Let k(u) = -u. Let o(p) = 15*k(p) + 3*x(p). Suppose 4*a = q + 11, -q = -7*a + 5*a + 7. Calculate o(q).
9
Let m(t) be the third derivative of -t**5/60 + t**4/6 + 7*t**3/6 + 20*t**2. Calculate m(6).
-5
Let j(t) = -2*t**2 + t**2 + 5*t + t + 5. Let a = -31 + 17. Let z = -9 - a. What is j(z)?
10
Let j(n) be the second derivative of 5*n**4/6 + n**3/6 - n**2/2 - 6*n. What is j(1)?
10
Let p be (1/6)/((-1)/(-3)). Let t(w) be the first derivative of 3 - 4*w + p*w**2. Determine t(-5).
-9
Let v(a) = -4*a - 7. Let b = -3 + 16. Let h(c) = -9*c - 15. Let m(d) = b*v(d) - 6*h(d). Let j = 5 + 0. Give m(j).
9
Suppose -5*a = -3*d - 10, a - 2*a = 2*d + 11. Let s(h) = h**2 + 3*h - 6. Let m(o) = -o**2 - 3*o + 5. Let r(c) = -5*m(c) - 4*s(c). Calculate r(d).
9
Suppose 31*i = 28*i - 15. Let j(d) be the first derivative of d**3/3 + 5*d**2/2 - 3*d + 2. Calculate j(i).
-3
Let l = 18 - 13. Let a(n) = 9 - l*n + 4*n + 3. Give a(6).
6
Let b(y) = y**3 - 3*y**2 - 3*y - 1. Let k(i) = 2*i**3 - 7*i**2 - 7*i - 3. Suppose -5*d + 23 - 3 = 0. Let r(l) = d*k(l) - 9*b(l). What is r(0)?
-3
Let b = -22 + 53. Suppose -16 = -5*v - b. Let r(z) be the third derivative of z**6/120 + z**5/30 - 5*z**4/24 - z**3/2 + z**2. Give r(v).
3
Let v(b) = b**2 + 5*b - 4. Suppose 0 = 36*m - 42*m - 42. Calculate v(m).
10
Suppose 4*m - 6*k + 3*k = -1, 0 = 4*k - 12. Let y(z) = 0*z**3 - 2 + z**3 - z - 3*z**m + 5 - 5*z. Calculate y(4).
-5
Let l(d) = -d**2 - 5*d. Let y(m) = -m**2 - 3*m. Let s(w) = 3*l(w) - 5*y(w). Suppose -2*x - t + 6 = -2*t, -3*x = t - 4. Determine s(x).
8
Let m = 221/111 + -12/37. Let h(p) be the first derivative of m*p**3 - 4*p + 1/4*p**4 - 2 + 0*p**2. Determine h(-5).
-4
Let c(o) be the first derivative of o**2/2 + 2*o - 14. What is c(-8)?
-6
Let i(s) = -5*s - 7. Let k(g) = -6*g - 8. Let l(w) = 5*i(w) - 4*k(w). What is l(3)?
-6
Let s = 33 + -30. Let n(q) = 2*q**2 - 4*q + 1. Calculate n(s).
7
Suppose -3*d + 13 = -2*h - 0*h, 0 = -5*h - d + 10. Let g(v) = v**2 - 2*v. Determine g(h).
-1
Let z = -16 + 13. Let g(w) = -w - 6. Let h be g(z). Let r(d) = -d**3 - 3*d**2 - 2*d - 4. What is r(h)?
2
Let y(g) = -2*g + 9. Let q be 156/27 + 6/27. What is y(q)?
-3
Let v(m) = m - 4. Suppose 0 = -4*d + d + 18. Calculate v(d).
2
Let b(c) = c**3 - 2*c**2 - 3*c - 2. Let o be 56/21 + 1/3. Calculate b(o).
-2
Let b be 0/(6 + -3) - -2. Let o(s) = -1 + 2*s - 2*s**3 + 4*s**2 + b*s - 3*s - 3*s**2. Give o(1).
-1
Let y(b) = b**3 - 3*b**2 - 2*b + 1. Let m be 3*3 - 0/(-4). Let f = m + -6. Suppose -f*g - 4*a = 0, 5*a + 12 + 15 = 3*g. What is y(g)?
9
Let d = 5 + -1. Let v(s) = -5*s + 3. Let c(j) = j**2 + 6*j - 2. Let o be c(-5). Let k(m) = -6*m + 4. Let t(i) = o*v(i) + 6*k(i). Give t(d).
-1
Let d(z) = z**2 - 7*z - 6. Let q(l) = -2*l**2 + 6*l + 5. Let r(x) = 3*d(x) + 2*q(x). Let t be r(-7). Let y(f) = f**2 - 5*f + 8. Give y(t).
14
Let i(r) = -r**2 + r + 5. Let v be i(0). Let o(t) = t + v - t**3 - t**3 + 3*t**3. Give o(0).
5
Suppose u - 2*u - 22 = -5*y, -4*u + 8 = 4*y. Let z(r) = 2*r + 1. Let q be z(1). Let l(k) = k**3 + 2*k + 0*k**q + 1 - 5*k - 3*k**2. Determine l(y).
5
Let u(g) = -13*g**3 + 2*g**2 + g. Let x = 10 - 11. Calculate u(x).
14
Let f(n) be the second derivative of -n**4/12 + n**2/2 - 15*n. Calculate f(4).
-15
Let b(r) = 5*r**3 + r - 1. Let c = -6 + 7. Suppose 0*v + v = c. Calculate b(v).
5
Let a = -19 + 16. Let z(s) be the first derivative of -3*s**2 - 15*s - 1. Let w(v) = -3*v - 8. Let c(f) = -9*w(f) + 5*z(f). Determine c(a).
6
Let w(i) = 3*i**3 + 2*i**2 - 2*i - 2. Suppose -6*o - 15 + 3 = 0. What is w(o)?
-14
Let j(p) be the first derivative of 2*p**4 + p**3/3 + p**2 + p - 2. Suppose 0 = o + 3*o. Suppose -2*n - 2 + o = 0. Give j(n).
-8
Let x = 20 + -16. Let p(o) be the third derivative of 0*o**3 + 1/24*o**x + 0*o + o**2 + 0. Give p(2).
2
Let z(s) = -s**2 + 1. Let r(d) = d**2 - d - 3. Let q(n) = r(n) + 4*z(n). Let h = 1 - 3. Give q(h).
-9
Let t(n) be the third derivative of n**5/60 + 5*n**4/24 + n**3/2 - 5*n**2. Give t(-3).
-3
Let j(k) = 5*k**2 + 4*k + 7. Suppose -2*i - 2*i - 16 = 0. Let v(a) = -4*a**2 - 5*a - 7. Let u(d) = i*v(d) - 3*j(d). Calculate u(-6).
-5
Let g be ((-3)/(-1))/(-3) - -3. Let f be (-4)/8*(g + -2). Let m(j) = -j + 5. Calculate m(f).
5
Let k = 0 - 5. Let i(z) be the second derivative of z**4/12 + 5*z**3/6 + 2*z**2 - 12*z. Determine i(k).
4
Let i(z) = -3*z**3 - 2*z - 1. Let h be i(-1). Suppose -h*a = -s + 17, s - 3*s = 3*a + 10. Let g(j) = -5*j - 1. Give g(s).
-6
Let x(k) = -k - 7. Let a be x(-5). Suppose -r = -6*r + 4*b - 10, 3*b = 15. Let u(h) = -4*h**3 - 3 + 0*h**r + 2*h**2 + 5*h**3 - 2*h. Determine u(a).
1
Let t(i) = -i**3 - 5*i**2 - 5*i + 2. Let w(r) = r**3 + r - 5. Let v = -2 + 2. Let x be w(v). Let c = 1 + x. Calculate t(c).
6
Let s(v) = -8*v + 15. Let t(h) = 15*h - 29. Let u(q) = 4*q - 2. Let d be u(2). Let o(y) = d*t(y) + 11*s(y). What is o(6)?
3
Suppose 5*y - 25 = 5. Let d(b) = 1 + 0*b**3 + b**3 - b**2 - 2*b - 2*b**2 - 3*b**2. Determine d(y).
-11
Suppose -18 = -2*a - 5*z, 0*z + 3*z = -a + 10. Let s(t) = t**2 - 6*t + 1. Give s(a).
-7
Let f(n) be the third derivative of n**9/30240 + n**8/10080 - n**7/5040 - n**6/360 - n**5/60 + n**2. Let h(o) be the third derivative of f(o). Calculate h(-2).
-8
Let l(x) = x**3 - 6*x**2 + 2*x - 5. Suppose -33 = -3*n + 3*m, -4*n - 5*m = n - 5. What is l(n)?
7
Let t(v) = 0*v**2 + v + 2 + 2*v**2 - 3. Suppose 4*l + 20 = 0, 2*i + 10*l = 13*l + 11. What is t(i)?
5
Let w(o) be the second derivative of o + 0 - 5/12*o**4 + 0*o**3 + 1/2*o**2. What is w(1)?
-4
Let o(g) = g + 6. Let r(c) = -9*c - 16. Let x = 36 + -53. Let f(w) = 3*w + 5. Let t(y) = x*f(y) - 6*r(y). Let q(u) = 5*o(u) - 2*t(u). What is q(6)?
2
Suppose -5*z = -4*z - 2. Let u(r) = -6*r**2 + 2 + 0 - 1 - z. Determine u(1).
-7
Suppose -5*t - 8 - 22 = 0. Let b(a) = a + 7. Let x be b(t). Let k(u) = u. Let q(v) = -4*v + 2. Let c(s) = x*q(s) + 3*k(s). Calculate c(2).
0
Let j(p) = 3*p - 9. Let i(l) = -7*l + 18. Let o(d) = -4*i(d) - 9*j(d). Determine o(0).
9
Let t(m) = -m**2 - 5*m - 7. Let o(l) = l**2 + 7*l + 5. Suppose 6 = 3*w - w, 2*z - 2 = 2*w. Suppose 16 + z = -4*q. Let y be o(q). Determine t(y).
-7
Let o(m) be the third derivative of m**4/6 + m**3/6 - 6*m**2. Give o(-4).
-15
Let c(w) be the first derivative of 1/2*w**2 + 4*w - 2. Let v = -15 - -18. Calculate c(v).
7
Let l = 39 + -38. Let j(k) = -12*k**2 + 1. Calculate j(l).
-11
Let n(s) = s + 7. Let h be n(-6). Let m(j) = 5*j + h - j**2 - 3 + 0. Suppose 0 = 3*o + 5*r, 2*o = r - 2*r + 7. Give m(o).
-2
Suppose -5*a + a + 5*f - 1 = 0, 0 = a + f - 11. Let d(y) = 3*y + 5*y**2 - y**3 - 26 + 49 - 18. Calculate d(a).
-13
Let z(x) = -x**3 - 4*x**2 + 4*x + 3. Suppose -5*k + 60 = -2*k. Suppose -v = -0*v - 4. Let r be (5/v)/((-5)/k). Determi